, u - 4*j + j + 17 = 0. Let b(n) = n**3 + 18*n**2 + 15*n - 37. Calculate b(u).
-3
Let k(z) be the first derivative of 2*z**3/3 + z**2/2 - 2*z - 10. Suppose 43 = 6*d + 55. Let h(x) = x**2 + x - 2. Let r(s) = d*k(s) + 3*h(s). What is r(3)?
-8
Suppose -3*w = -4*w + q - 2, 0 = -w + 2*q - 6. Let l(g) = -2*g**2 + g**w + 2 + 11*g - 9. What is l(9)?
11
Let w(n) = 0*n - n + 6*n. Suppose -263 = -5*s + l, 4*s - 131 = l + 80. Let a be (-2)/(-5) + s/(-120)*-6. Determine w(a).
15
Let c(o) = 0*o - 61*o + 23*o - o + 4. Determine c(3).
-113
Let c(y) = 7*y + 14 - 25 + 9. Let z(s) = -9*s + 4. Let q(f) = 4*c(f) + 3*z(f). Calculate q(5).
9
Suppose 7*i + 134 = 113. Let d(x) = 35 - 75 - x**2 - 3*x + 42. What is d(i)?
2
Suppose -5*z + 3*x = -34, -z - 2*z = -3*x - 24. Suppose -z*g - 8 = -6*g. Let b(m) = 2*m - 8. Let c(s) = -10*s + 39. Let v(p) = -11*b(p) - 2*c(p). Give v(g).
-6
Suppose 4*w + 5*i = -0*i + 21, 0 = -4*w - i + 33. Suppose -34*t = -33*t + w. Let u(a) = -a - 6. What is u(t)?
3
Let p(a) = -a**3 + 19*a**2 - 16*a - 9. Let g be (-1140)/(-114) - 8/(-1). Calculate p(g).
27
Let j(k) = -3*k**3 + 2*k**2 - 4*k - 5. Suppose -510 = -58*h - 684. What is j(h)?
106
Let o(a) = -a**3 - 9*a**2 + 5*a + 13. Let b be (9 + -6)/(1/(-3)). Determine o(b).
-32
Suppose -431 - 800 = -r + v, 2*r = v + 2459. Let d(h) = h**3 + 9 + h - r*h**2 + 2460*h**2 - 1226*h**2. Calculate d(-6).
3
Let v(r) = -2185*r**3 + 5*r - 10 + 550*r**3 + 540*r**3 + 548*r**3 + 7*r**2 + 548*r**3. Give v(-5).
15
Let l be -3 - (-17)/((-102)/(-90)). Let n(v) = -v + 7. What is n(l)?
-5
Let v = -24 - -28. Let s(o) = -v*o - o + 2*o**2 + 1682 - 1682. What is s(4)?
12
Let k(n) = n**2 - 153*n + 745. Let q be k(5). Let h(o) = -o**2 + 9*o - 33. Give h(q).
-13
Let i(w) = w**3 + 4*w**2 - 3*w - 16. Let p be i(-3). Suppose -4*u + 2 = p*y - 12, -u = 4*y - 14. Let o(t) = t**3 + 5*t - 3. Determine o(y).
39
Let b(j) = -4*j + 16. Suppose -72 = -22*c + 82. Give b(c).
-12
Suppose 0 = -250*c + 258*c - 24. Let r be (-60)/(-36)*c + (-2 - 6). Let k(w) = -w**2 + 3. Calculate k(r).
-6
Let q = -278 - -220. Let t = -54 - q. Let u(j) = 9*j**2 - 5*j. Let k(d) = 4*d**2 - 2*d. Let h(v) = 7*k(v) - 3*u(v). What is h(t)?
20
Let n(k) = -66*k - 3 + 35*k + 2. Determine n(-1).
30
Let i(m) = -m**2 - 26*m - 127. Let u be (-3 - -2)/(2/4) + -21 + 3. Calculate i(u).
-7
Let g(b) = b**3 + 23*b**2 - 26*b - 45. Let p be g(-24). Let a(u) be the first derivative of -1/4*u**4 - 16 - 3*u + 7/3*u**p - 3*u**2. Give a(6).
-3
Let d(u) = 9*u. Suppose i + 510 = f, -3*i - 331 = -2*f + 689. Let c = -512 + f. Calculate d(c).
-18
Let k(o) = 19*o - 3. Let x(c) = -4*c + 1024. Let g(p) = -4*k(p) - x(p). Calculate g(-14).
-4
Let t(u) = -u - 4*u + 4 - 3. Let f be (-30)/(-3)*((-259)/(-35) + -7). Suppose 5*p = 6*p + f*v - 13, -4*p - 2 = -2*v. Give t(p).
-4
Let r(c) be the second derivative of c**3/6 + 6*c**2 + 7*c + 9. Calculate r(5).
17
Suppose 0 = 213*m - 210*m, -m = -3*d - 3. Let s(r) = 11*r + 3 - 22*r - 2 - 20*r. Calculate s(d).
32
Let b(p) = 21*p + 0*p - 8591*p**3 + 7 + 8590*p**3 - 4*p**2. Give b(-7).
7
Let u be (1 + 67/(-5))/(4/(-10)). Let w = 33 - u. Suppose -10*t = -w*t + 64. Let c(l) = l**3 + 7*l**2 - 9*l - 6. Calculate c(t).
2
Let f = 16 - 7. Suppose -4*k = -5 - 31. Let r(i) = -2*i**3 + 0*i + i**3 - 1194 + 2*i + k*i**2 + 1182. What is r(f)?
6
Let t(g) be the second derivative of 7*g**4/12 - g**3/3 + g**2/2 + 11*g. Let s(f) = -615*f + 3073. Let z be s(5). Give t(z).
33
Let j be (-15 - 472/(-32))/(2/(-24)) - -18. Let w(q) = -q**2 + 22*q - 17. Calculate w(j).
4
Let k(c) = 150*c + 1 + 151*c + 159*c + 32*c**3 - 461*c. Give k(1).
32
Let i(a) = -a**2 - a + 1. Let f = -179 + 195. Let s be 4 - (2 - 2) - (f + -14). Determine i(s).
-5
Suppose 54*j - 49*j - 200 = 0. Let a(p) = -49*p + j*p + 5 - 4 + p**2 + 0. Give a(9).
1
Suppose 75*w + 18 = 4*h + 70*w, -2*h = 2*w. Let t(b) be the first derivative of h*b - 4 - 1/2*b**2. Determine t(3).
-1
Let x(f) = -2*f + 2. Let c be x(2). Let z(m) be the second derivative of 1/2*m**2 + 1 + 16*m + 1/12*m**4 + 0*m**3. Determine z(c).
5
Let h(g) = -g**3 + g**2 - g. Let s(y) = -y**3 + 8*y**2 + 2*y + 14. Let w(n) = -2*h(n) + s(n). Give w(-7).
-63
Let m be (-6 - -63)/(12/8). Let g(t) = t**3 + 11*t**2 - t + 12. Let d be g(-11). Let n(a) = d*a + 16*a - 7 - m*a. What is n(6)?
-1
Let t(b) = 2*b**3 - 2*b + 2. Let k(y) = 11*y**3 - 3*y**2 - 18*y + 1. Let w(i) = -k(i) + 6*t(i). What is w(0)?
11
Let p(t) = 35*t + 116 - 38 - 21*t - 18*t. Determine p(20).
-2
Let p(d) be the first derivative of d**3/3 - 7*d**2 - 396*d + 392. Give p(28).
-4
Let k(i) = -151*i**2 + 4*i + 21. Let b(z) = -327*z**2 + 7*z + 42. Let s(j) = 6*b(j) - 13*k(j). Give s(11).
-10
Let j = 63521 - 63516. Let f(h) = 1 - 2*h - 4 + 5. Calculate f(j).
-8
Let r = -177 - -182. Suppose -5*d + 11 = -d + 5*k, -2*d - 3*k + r = 0. Let j(z) = -z**3 + 4*z**2 - 3*z - 5. What is j(d)?
-17
Let s(g) be the third derivative of 1/24*g**4 + 16 + g**2 + 0*g - 1/2*g**3. Determine s(3).
0
Let o(x) = -4*x + 1 + 2*x**3 + 0 - x**3. Suppose 0 = -251*c + 242*c + 27. Give o(c).
16
Let i(d) = d**3 - 7*d**2 + 7*d - 7. Suppose 0 = -28*q + 29*q - 1. Suppose -4*t - t = -2*a - q, 39 = -3*a - 5*t. Let j = a - -14. What is i(j)?
-1
Let k(r) be the third derivative of r**5/60 - 5*r**4/24 - 7*r**3/6 - 6633*r**2. Let j = 5 - -2. Give k(j).
7
Let g(v) = 7*v - 51 + 27 + 46 + 37. Determine g(-6).
17
Let d(z) = -z**2 + 5*z + 3. Let c = -7 + 11. Let m be -3*4/21*63/(-18). Suppose -m*x = -3*x + c. Determine d(x).
7
Let y = -13 - -8. Let o(l) = -2484*l + 621*l + 617*l + 623*l - 12 + 621*l. Give o(y).
-2
Suppose 73 = -7*v + 4*z + 66, 4*z + 8 = 4*v. Let h(s) = 3 - s**2 + 2*s - 3. Determine h(v).
-35
Let b(m) = 20 + 18 + 21 - 12*m + 41 + 18. Calculate b(10).
-2
Suppose -6*j - 6 = -5*j. Let y(o) = -5*o - 25. Let s be y(j). Suppose -2*f + s*w - 19 = 0, f + w - 2 = 6. Let c(g) = g**2 - 2*g - 1. Determine c(f).
2
Let u(o) = -o**2 - o + 16. Let p = -4112 - -4108. Determine u(p).
4
Let p(a) be the third derivative of -a**5/15 - a**4/12 - 9*a**3/2 + 10*a**2. Let q(o) be the first derivative of p(o). Let d = 7 - 9. What is q(d)?
14
Let j(s) = 189 - 2*s - 387 + 195. Suppose 6*z - 6 + 24 = 0. Calculate j(z).
3
Let f be ((-10)/(-650)*-13)/(-2 - (-129)/65). Let p(v) = v - 6. Give p(f).
7
Let h(n) = 11*n**2 + 2*n**3 + n - 18*n**2 + 7*n**2. Let y(w) = -7*w**3 - 6*w**2 + 6*w + 10. Let g(k) = 3*h(k) + y(k). What is g(-7)?
-4
Let h(k) be the first derivative of 1/2*k**2 + 4*k - 1 - 2/3*k**3 + 1/2*k**4. Let c(r) = -3*r**3 + r**2 - r - 5. Let l(y) = -3*c(y) - 4*h(y). What is l(-5)?
4
Let g(f) = f**2 + f + 8. Let i(v) = v**2 + 2*v + 9. Let z(m) = 7*g(m) - 6*i(m). Let r(c) = 7*c**2 + 27*c + 25. Let d be r(-1). What is z(d)?
2
Suppose 4*q - o = 12, 0 = 5*q - 0*q - 5*o. Let t be ((-8)/18)/(q/(-18)). Suppose 3*a - t = 13. Let c(p) = -p**3 + 4*p**2 + 5*p + 3. What is c(a)?
3
Suppose -26090*m + 24 = -26093*m. Let b(g) = -g**3 - 8*g**2 + 3*g - 6. Give b(m).
-30
Let g(q) = -q - 3. Suppose -7*f + 19 - 180 = 0. Let l = 25 + f. Suppose -l*z + 4*z = 0. What is g(z)?
-3
Let f(a) = 3*a**2 - 11 - 9 + 18 + 6*a**3. Suppose -49*s + 17*s = 64. Calculate f(s).
-38
Let n(k) = -k**2 + 13*k - 13. Let m = 255 - 369. Let b = 123 + m. Give n(b).
23
Let s = -720 + 1280. Let f be (-1)/(s/(-185) - -3). Let q = 35 - f. Let k(a) = -2*a. Determine k(q).
4
Let a(h) = -5*h**2 + 9*h - 9. Let t(g) = 2*g**2 - 2*g + 1. Let r be t(0). Let o be a(r). Let q(z) = z**2 + 6*z + 5. Give q(o).
0
Suppose -115*o + 154*o = -137*o - 3696. Let g(h) = 15*h + 304. What is g(o)?
-11
Let z be (4 - 3)*-1 + 28. Let s(k) = 17*k - 37*k + z*k + 5 - k**2. Give s(7).
5
Let n = -72 + 106. Suppose -h + n + 39 = 0. Let d(p) = -3*p + 2*p**2 + p**2 - p - 71 + h. Calculate d(2).
6
Suppose 3*y + 5*f = 825, 4*f + 198 - 750 = -2*y. Let i = 273 - y. Let j(d) = 2*d**2 - 3*d - 1. Determine j(i).
8
Suppose 0 = -57*d + 52 + 62. Let k(j) = -120 + 121 - j**2 - j + 5*j**2 - 2*j**d. What is k(1)?
2
Let q(z) = -51*z**2 - 13 + 9*z + 30*z**2 + 19*z**2. Calculate q(6).
-31
Let v = -308 + 315. Let a(f) = 22 + v*f - 5 - 8*f**2 - 7 + f**3. Calculate a(7).
10
Let y(h) = 1 - 10*h**2 + 2*h - 14*h**2 + 23*h**2. Suppose 3*z = 4*i - 0*z - 14, -5*z = -3*i + 16. Suppose -3*g + i*g + 5 = 0. Calculate y(g).
-14
Let q(h) = -h**3 + 18*h**2 - 38*h + 86. Let a(y) =